{"id":20,"date":"2015-09-22T15:10:04","date_gmt":"2015-09-22T15:10:04","guid":{"rendered":"http:\/\/collab.di.uniba.it\/ease\/?page_id=20"},"modified":"2016-06-20T20:09:47","modified_gmt":"2016-06-20T20:09:47","slug":"organization","status":"publish","type":"page","link":"https:\/\/collab.di.uniba.it\/semotion16\/organization\/","title":{"rendered":"Organization"},"content":{"rendered":"<h1>Organizers<\/h1>\n<p>&nbsp;<\/p>\n<div style=\"float: left; display: block; width: 50%;\">\n<div style=\"float: left; margin-right: 20px;\"><a href=\"https:\/\/collab.di.uniba.it\/nicole\/\" target=\"_blank\"><img loading=\"lazy\" decoding=\"async\" class=\"alignnone size-thumbnail wp-image-147\" src=\"https:\/\/collab.di.uniba.it\/semotion\/wp-content\/uploads\/sites\/8\/2015\/11\/Nicole-150x150.jpg\" alt=\"Nicole\" width=\"150\" height=\"150\" srcset=\"https:\/\/collab.di.uniba.it\/semotion16\/wp-content\/uploads\/sites\/8\/2015\/11\/Nicole-150x150.jpg 150w, https:\/\/collab.di.uniba.it\/semotion16\/wp-content\/uploads\/sites\/8\/2015\/11\/Nicole-270x270.jpg 270w, https:\/\/collab.di.uniba.it\/semotion16\/wp-content\/uploads\/sites\/8\/2015\/11\/Nicole-230x230.jpg 230w\" sizes=\"auto, (max-width: 150px) 100vw, 150px\" \/><\/a><\/div>\n<p><a href=\"https:\/\/collab.di.uniba.it\/nicole\/\">Nicole Novielli<\/a><br \/>\nUniversity of Bari<br \/>\nItaly<\/p>\n<\/div>\n<div style=\"float: left; display: block; width: 50%;\">\n<div style=\"float: left; margin-right: 20px;\">\n<p><a href=\"https:\/\/mobis.informatik.uni-hamburg.de\/people\/walidmaalej\/\" target=\"_blank\"><img loading=\"lazy\" decoding=\"async\" class=\"alignnone size-thumbnail wp-image-146\" src=\"https:\/\/collab.di.uniba.it\/semotion\/wp-content\/uploads\/sites\/8\/2015\/11\/Walid-150x150.png\" alt=\"Walid\" width=\"150\" height=\"150\" srcset=\"https:\/\/collab.di.uniba.it\/semotion16\/wp-content\/uploads\/sites\/8\/2015\/11\/Walid-150x150.png 150w, https:\/\/collab.di.uniba.it\/semotion16\/wp-content\/uploads\/sites\/8\/2015\/11\/Walid-270x270.png 270w, https:\/\/collab.di.uniba.it\/semotion16\/wp-content\/uploads\/sites\/8\/2015\/11\/Walid-230x230.png 230w\" sizes=\"auto, (max-width: 150px) 100vw, 150px\" \/><\/a><\/p>\n<div style=\"font-size: 9px; margin-top: -20px;\">\u00a9 heiner k\u00f6pcke-fotografie<\/div>\n<\/div>\n<p><a href=\"https:\/\/mobis.informatik.uni-hamburg.de\/people\/walidmaalej\/\">Walid Maalej<\/a><br \/>\nUniversity of Hamburg<br \/>\nGermany<\/p>\n<\/div>\n<div style=\"clear: both;\"><\/div>\n<p>&nbsp;<\/p>\n<h1>Program Committee<\/h1>\n<ul>\n<li>Raian Ali, Bournemouth University, UK<\/li>\n<li>Andrew Begel, Microsoft Research, USA<\/li>\n<li>Kelly Blincoe, Auckland University of Technology, New Zealand<\/li>\n<li>Fabio Calefato, University of Bari, Italy<\/li>\n<li>Francesca D\u2019Errico, Uninettuno University, Italy<\/li>\n<li>Subhajit Datta, Singapore University of Technology and Design<\/li>\n<li>Daniela Damian, University of Victoria, Canada<\/li>\n<li>Daniel Graziotin, Free University of Bozen-Bolzano, Italy<\/li>\n<li>Emitz\u00e1 Guzm\u00e1n Ortega, Technische Universit\u00e4t M\u00fcnchen, Germany<\/li>\n<li>Filippo Lanubile, University of Bari, Italy<\/li>\n<li>Seok-Won Lee, Ajou University, Republic of Korea<\/li>\n<li>Alessandro Murgia, University of Antwerp, Belgium<\/li>\n<li>Chris Parnin, North Carolina State University, USA<\/li>\n<li>Viviana Patti, University of Torino, Italy<\/li>\n<li>Alexander Serebrenik, Eindhoven University of Technology The Netherlands<\/li>\n<li>Janet Siegmund, University of Passau, Germany<\/li>\n<\/ul>\n","protected":false},"excerpt":{"rendered":"<p>Organizers &nbsp; Nicole Novielli University of Bari Italy \u00a9 heiner k\u00f6pcke-fotografie Walid Maalej University of Hamburg Germany &nbsp; Program Committee Raian Ali, Bournemouth University, UK Andrew Begel, Microsoft Research, USA Kelly Blincoe, Auckland University of Technology, New Zealand Fabio Calefato,<\/p>\n","protected":false},"author":5,"featured_media":0,"parent":0,"menu_order":4,"comment_status":"closed","ping_status":"closed","template":"","meta":{"footnotes":""},"class_list":["post-20","page","type-page","status-publish","hentry"],"yoast_head":"<!-- This site is optimized with the Yoast SEO plugin v27.3 - https:\/\/yoast.com\/product\/yoast-seo-wordpress\/ -->\n<title>Organization - SEmotion &#039;16<\/title>\n<meta name=\"robots\" content=\"index, follow, max-snippet:-1, max-image-preview:large, max-video-preview:-1\" \/>\n<link rel=\"canonical\" href=\"https:\/\/collab.di.uniba.it\/semotion16\/organization\/\" \/>\n<meta property=\"og:locale\" content=\"en_US\" \/>\n<meta property=\"og:type\" content=\"article\" \/>\n<meta property=\"og:title\" content=\"Organization - SEmotion &#039;16\" \/>\n<meta property=\"og:description\" content=\"Organizers &nbsp; Nicole Novielli University of Bari Italy \u00a9 heiner k\u00f6pcke-fotografie Walid Maalej University of Hamburg Germany &nbsp; Program Committee Raian Ali, Bournemouth University, UK Andrew Begel, Microsoft Research, USA Kelly Blincoe, Auckland University of Technology, New Zealand Fabio Calefato,\" \/>\n<meta property=\"og:url\" content=\"https:\/\/collab.di.uniba.it\/semotion16\/organization\/\" \/>\n<meta property=\"og:site_name\" content=\"SEmotion &#039;16\" \/>\n<meta property=\"article:modified_time\" content=\"2016-06-20T20:09:47+00:00\" \/>\n<meta property=\"og:image\" content=\"https:\/\/collab.di.uniba.it\/semotion\/wp-content\/uploads\/sites\/8\/2015\/11\/Nicole-150x150.jpg\" \/>\n<meta name=\"twitter:card\" content=\"summary_large_image\" \/>\n<meta name=\"twitter:label1\" content=\"Est. reading time\" \/>\n\t<meta name=\"twitter:data1\" content=\"1 minute\" \/>\n<script type=\"application\/ld+json\" class=\"yoast-schema-graph\">{\"@context\":\"https:\\\/\\\/schema.org\",\"@graph\":[{\"@type\":\"WebPage\",\"@id\":\"https:\\\/\\\/collab.di.uniba.it\\\/semotion16\\\/organization\\\/\",\"url\":\"https:\\\/\\\/collab.di.uniba.it\\\/semotion16\\\/organization\\\/\",\"name\":\"Organization - SEmotion &#039;16\",\"isPartOf\":{\"@id\":\"https:\\\/\\\/collab.di.uniba.it\\\/semotion16\\\/#website\"},\"primaryImageOfPage\":{\"@id\":\"https:\\\/\\\/collab.di.uniba.it\\\/semotion16\\\/organization\\\/#primaryimage\"},\"image\":{\"@id\":\"https:\\\/\\\/collab.di.uniba.it\\\/semotion16\\\/organization\\\/#primaryimage\"},\"thumbnailUrl\":\"https:\\\/\\\/collab.di.uniba.it\\\/semotion\\\/wp-content\\\/uploads\\\/sites\\\/8\\\/2015\\\/11\\\/Nicole-150x150.jpg\",\"datePublished\":\"2015-09-22T15:10:04+00:00\",\"dateModified\":\"2016-06-20T20:09:47+00:00\",\"breadcrumb\":{\"@id\":\"https:\\\/\\\/collab.di.uniba.it\\\/semotion16\\\/organization\\\/#breadcrumb\"},\"inLanguage\":\"en-US\",\"potentialAction\":[{\"@type\":\"ReadAction\",\"target\":[\"https:\\\/\\\/collab.di.uniba.it\\\/semotion16\\\/organization\\\/\"]}]},{\"@type\":\"ImageObject\",\"inLanguage\":\"en-US\",\"@id\":\"https:\\\/\\\/collab.di.uniba.it\\\/semotion16\\\/organization\\\/#primaryimage\",\"url\":\"https:\\\/\\\/collab.di.uniba.it\\\/semotion\\\/wp-content\\\/uploads\\\/sites\\\/8\\\/2015\\\/11\\\/Nicole-150x150.jpg\",\"contentUrl\":\"https:\\\/\\\/collab.di.uniba.it\\\/semotion\\\/wp-content\\\/uploads\\\/sites\\\/8\\\/2015\\\/11\\\/Nicole-150x150.jpg\"},{\"@type\":\"BreadcrumbList\",\"@id\":\"https:\\\/\\\/collab.di.uniba.it\\\/semotion16\\\/organization\\\/#breadcrumb\",\"itemListElement\":[{\"@type\":\"ListItem\",\"position\":1,\"name\":\"Home\",\"item\":\"https:\\\/\\\/collab.di.uniba.it\\\/semotion16\\\/\"},{\"@type\":\"ListItem\",\"position\":2,\"name\":\"Organization\"}]},{\"@type\":\"WebSite\",\"@id\":\"https:\\\/\\\/collab.di.uniba.it\\\/semotion16\\\/#website\",\"url\":\"https:\\\/\\\/collab.di.uniba.it\\\/semotion16\\\/\",\"name\":\"SEmotion &#039;16\",\"description\":\"First International Workshop on Emotion Awareness in Software Engineering\",\"potentialAction\":[{\"@type\":\"SearchAction\",\"target\":{\"@type\":\"EntryPoint\",\"urlTemplate\":\"https:\\\/\\\/collab.di.uniba.it\\\/semotion16\\\/?s={search_term_string}\"},\"query-input\":{\"@type\":\"PropertyValueSpecification\",\"valueRequired\":true,\"valueName\":\"search_term_string\"}}],\"inLanguage\":\"en-US\"}]}<\/script>\n<!-- \/ Yoast SEO plugin. -->","yoast_head_json":{"title":"Organization - SEmotion &#039;16","robots":{"index":"index","follow":"follow","max-snippet":"max-snippet:-1","max-image-preview":"max-image-preview:large","max-video-preview":"max-video-preview:-1"},"canonical":"https:\/\/collab.di.uniba.it\/semotion16\/organization\/","og_locale":"en_US","og_type":"article","og_title":"Organization - SEmotion &#039;16","og_description":"Organizers &nbsp; Nicole Novielli University of Bari Italy \u00a9 heiner k\u00f6pcke-fotografie Walid Maalej University of Hamburg Germany &nbsp; Program Committee Raian Ali, Bournemouth University, UK Andrew Begel, Microsoft Research, USA Kelly Blincoe, Auckland University of Technology, New Zealand Fabio Calefato,","og_url":"https:\/\/collab.di.uniba.it\/semotion16\/organization\/","og_site_name":"SEmotion &#039;16","article_modified_time":"2016-06-20T20:09:47+00:00","og_image":[{"url":"https:\/\/collab.di.uniba.it\/semotion\/wp-content\/uploads\/sites\/8\/2015\/11\/Nicole-150x150.jpg","type":"","width":"","height":""}],"twitter_card":"summary_large_image","twitter_misc":{"Est. reading time":"1 minute"},"schema":{"@context":"https:\/\/schema.org","@graph":[{"@type":"WebPage","@id":"https:\/\/collab.di.uniba.it\/semotion16\/organization\/","url":"https:\/\/collab.di.uniba.it\/semotion16\/organization\/","name":"Organization - SEmotion &#039;16","isPartOf":{"@id":"https:\/\/collab.di.uniba.it\/semotion16\/#website"},"primaryImageOfPage":{"@id":"https:\/\/collab.di.uniba.it\/semotion16\/organization\/#primaryimage"},"image":{"@id":"https:\/\/collab.di.uniba.it\/semotion16\/organization\/#primaryimage"},"thumbnailUrl":"https:\/\/collab.di.uniba.it\/semotion\/wp-content\/uploads\/sites\/8\/2015\/11\/Nicole-150x150.jpg","datePublished":"2015-09-22T15:10:04+00:00","dateModified":"2016-06-20T20:09:47+00:00","breadcrumb":{"@id":"https:\/\/collab.di.uniba.it\/semotion16\/organization\/#breadcrumb"},"inLanguage":"en-US","potentialAction":[{"@type":"ReadAction","target":["https:\/\/collab.di.uniba.it\/semotion16\/organization\/"]}]},{"@type":"ImageObject","inLanguage":"en-US","@id":"https:\/\/collab.di.uniba.it\/semotion16\/organization\/#primaryimage","url":"https:\/\/collab.di.uniba.it\/semotion\/wp-content\/uploads\/sites\/8\/2015\/11\/Nicole-150x150.jpg","contentUrl":"https:\/\/collab.di.uniba.it\/semotion\/wp-content\/uploads\/sites\/8\/2015\/11\/Nicole-150x150.jpg"},{"@type":"BreadcrumbList","@id":"https:\/\/collab.di.uniba.it\/semotion16\/organization\/#breadcrumb","itemListElement":[{"@type":"ListItem","position":1,"name":"Home","item":"https:\/\/collab.di.uniba.it\/semotion16\/"},{"@type":"ListItem","position":2,"name":"Organization"}]},{"@type":"WebSite","@id":"https:\/\/collab.di.uniba.it\/semotion16\/#website","url":"https:\/\/collab.di.uniba.it\/semotion16\/","name":"SEmotion &#039;16","description":"First International Workshop on Emotion Awareness in Software Engineering","potentialAction":[{"@type":"SearchAction","target":{"@type":"EntryPoint","urlTemplate":"https:\/\/collab.di.uniba.it\/semotion16\/?s={search_term_string}"},"query-input":{"@type":"PropertyValueSpecification","valueRequired":true,"valueName":"search_term_string"}}],"inLanguage":"en-US"}]}},"jetpack_sharing_enabled":true,"_links":{"self":[{"href":"https:\/\/collab.di.uniba.it\/semotion16\/wp-json\/wp\/v2\/pages\/20","targetHints":{"allow":["GET"]}}],"collection":[{"href":"https:\/\/collab.di.uniba.it\/semotion16\/wp-json\/wp\/v2\/pages"}],"about":[{"href":"https:\/\/collab.di.uniba.it\/semotion16\/wp-json\/wp\/v2\/types\/page"}],"author":[{"embeddable":true,"href":"https:\/\/collab.di.uniba.it\/semotion16\/wp-json\/wp\/v2\/users\/5"}],"replies":[{"embeddable":true,"href":"https:\/\/collab.di.uniba.it\/semotion16\/wp-json\/wp\/v2\/comments?post=20"}],"version-history":[{"count":21,"href":"https:\/\/collab.di.uniba.it\/semotion16\/wp-json\/wp\/v2\/pages\/20\/revisions"}],"predecessor-version":[{"id":273,"href":"https:\/\/collab.di.uniba.it\/semotion16\/wp-json\/wp\/v2\/pages\/20\/revisions\/273"}],"wp:attachment":[{"href":"https:\/\/collab.di.uniba.it\/semotion16\/wp-json\/wp\/v2\/media?parent=20"}],"curies":[{"name":"wp","href":"https:\/\/api.w.org\/{rel}","templated":true}]}}